{"id":60,"date":"2023-08-03T11:35:55","date_gmt":"2023-08-03T11:35:55","guid":{"rendered":"https:\/\/dytrt-gartenbau.de\/?page_id=60"},"modified":"2023-08-03T12:13:04","modified_gmt":"2023-08-03T12:13:04","slug":"hecken-u-baumschnitt","status":"publish","type":"page","link":"https:\/\/dytrt-gartenbau.de\/?page_id=60","title":{"rendered":"Hecken- u. Baumschnitt"},"content":{"rendered":"\n<p>Unser Fachgebiet, die Baumpflege<\/p>\n\n\n\n<p>Die Mitarbeiter f\u00fchren einen fachgerechten Hecken und Baumschnitt durch. F\u00fcr v\u00f6llig zugewachsene Grundst\u00fccke k\u00f6nnen wir ein gro\u00dffl\u00e4chiges zermulchen mit einem Mulchm\u00e4her f\u00fcr B\u00e4ume und Buschwerk bis zu 8 cm Durchmesser zur Rodung einsetzen.<\/p>\n\n\n\n<p>Au\u00dferdem wird das Schreddem der \u00c4ste und St\u00e4mme bis zu 28 cm durch den Einsatz der Industrieschredder m\u00f6glich, die das Schreddergut direkt auf die Kipp-LKWs pusten. Das Schreddergut verbleibt bei Bedarf beim Kunden oder wird kostenfrei entsorgt.<\/p>\n\n\n\n<figure class=\"wp-block-embed is-type-rich is-provider-handler-einbetten wp-block-embed-handler-einbetten wp-embed-aspect-16-9 wp-has-aspect-ratio\"><div class=\"wp-block-embed__wrapper\">\n<iframe loading=\"lazy\" title=\"Wurzelfr\u00e4se bei der Arbeit\" width=\"500\" height=\"281\" src=\"https:\/\/www.youtube.com\/embed\/cOWomQawRak?feature=oembed\" frameborder=\"0\" allow=\"accelerometer; autoplay; clipboard-write; encrypted-media; gyroscope; picture-in-picture; web-share\" allowfullscreen><\/iframe>\n<\/div><\/figure>\n","protected":false},"excerpt":{"rendered":"<p>Unser Fachgebiet, die Baumpflege Die Mitarbeiter f\u00fchren einen fachgerechten Hecken und Baumschnitt durch. F\u00fcr v\u00f6llig zugewachsene Grundst\u00fccke k\u00f6nnen wir ein gro\u00dffl\u00e4chiges zermulchen mit einem Mulchm\u00e4her f\u00fcr B\u00e4ume und Buschwerk bis zu 8 cm Durchmesser zur Rodung einsetzen. Au\u00dferdem wird das Schreddem der \u00c4ste und St\u00e4mme bis zu 28 cm durch den Einsatz der Industrieschredder m\u00f6glich,&#8230; <\/p>\n","protected":false},"author":1,"featured_media":0,"parent":0,"menu_order":0,"comment_status":"closed","ping_status":"closed","template":"","meta":[],"_links":{"self":[{"href":"https:\/\/dytrt-gartenbau.de\/index.php?rest_route=\/wp\/v2\/pages\/60"}],"collection":[{"href":"https:\/\/dytrt-gartenbau.de\/index.php?rest_route=\/wp\/v2\/pages"}],"about":[{"href":"https:\/\/dytrt-gartenbau.de\/index.php?rest_route=\/wp\/v2\/types\/page"}],"author":[{"embeddable":true,"href":"https:\/\/dytrt-gartenbau.de\/index.php?rest_route=\/wp\/v2\/users\/1"}],"replies":[{"embeddable":true,"href":"https:\/\/dytrt-gartenbau.de\/index.php?rest_route=%2Fwp%2Fv2%2Fcomments&post=60"}],"version-history":[{"count":3,"href":"https:\/\/dytrt-gartenbau.de\/index.php?rest_route=\/wp\/v2\/pages\/60\/revisions"}],"predecessor-version":[{"id":75,"href":"https:\/\/dytrt-gartenbau.de\/index.php?rest_route=\/wp\/v2\/pages\/60\/revisions\/75"}],"wp:attachment":[{"href":"https:\/\/dytrt-gartenbau.de\/index.php?rest_route=%2Fwp%2Fv2%2Fmedia&parent=60"}],"curies":[{"name":"wp","href":"https:\/\/api.w.org\/{rel}","templated":true}]}}