{"id":64,"date":"2023-08-03T11:37:55","date_gmt":"2023-08-03T11:37:55","guid":{"rendered":"https:\/\/dytrt-gartenbau.de\/?page_id=64"},"modified":"2023-11-11T07:50:45","modified_gmt":"2023-11-11T07:50:45","slug":"pflaster-u-zaunarbeiten","status":"publish","type":"page","link":"https:\/\/dytrt-gartenbau.de\/?page_id=64","title":{"rendered":"Pflaster + Zaun"},"content":{"rendered":"\n<p>Wir erledigen auch Pflasterarbeiten und Zaunbau<\/p>\n\n\n\n<p>Mit zwei Radladern und ihren unterschiedlichen Anbauger\u00e4ten sind wir in der Lage, Erdarbeiten f\u00fcr verschiedenste Anspr\u00fcche umzusetzen.<\/p>\n\n\n\n<p>Durch die Anschaffung von drei Baggern in unterschiedlichen Gr\u00f6\u00dfen, ist es uns m\u00f6glich, auf jeder Grundst\u00fccksgr\u00f6\u00dfe zu arbeiten.<\/p>\n\n\n\n<p>Bei der Instandsetzung von Abwasserleitungen kommt h\u00e4ufig unser Minnibagger zum Einsatz. Wir bieten auch Abrissarbeiten von St\u00e4llen, Gartenlauben und kleineren Geb\u00e4uden an, sowie den R\u00fcckbau von Teichen.<\/p>\n\n\n\n<p>Unser Gesamtpaket des Grundst\u00fccks- und Geb\u00e4udeservice beinhaltet Pflasterarbeiten und Zaunbau.<\/p>\n\n\n\n<p>Mit den vier LKW\u00b4s f\u00fcr den An- und Abtransport der Maschinen und Baumaterialien sind wir ausgesprochen unabh\u00e4ngig und k\u00f6nnen umfangreiche Baustellen komplett aus einer Hand anbieten.<\/p>\n\n\n\n<figure class=\"wp-block-image size-full\"><img decoding=\"async\" loading=\"lazy\" width=\"763\" height=\"1024\" src=\"http:\/\/dytrt-gartenbau.de\/wp-content\/uploads\/2023\/08\/dytrt_pflaster_1.jpg\" alt=\"\" class=\"wp-image-78\" srcset=\"https:\/\/dytrt-gartenbau.de\/wp-content\/uploads\/2023\/08\/dytrt_pflaster_1.jpg 763w, https:\/\/dytrt-gartenbau.de\/wp-content\/uploads\/2023\/08\/dytrt_pflaster_1-224x300.jpg 224w\" sizes=\"(max-width: 763px) 100vw, 763px\" \/><\/figure>\n","protected":false},"excerpt":{"rendered":"<p>Wir erledigen auch Pflasterarbeiten und Zaunbau Mit zwei Radladern und ihren unterschiedlichen Anbauger\u00e4ten sind wir in der Lage, Erdarbeiten f\u00fcr verschiedenste Anspr\u00fcche umzusetzen. Durch die Anschaffung von drei Baggern in unterschiedlichen Gr\u00f6\u00dfen, ist es uns m\u00f6glich, auf jeder Grundst\u00fccksgr\u00f6\u00dfe zu arbeiten. Bei der Instandsetzung von Abwasserleitungen kommt h\u00e4ufig unser Minnibagger zum Einsatz. Wir bieten auch&#8230; <\/p>\n","protected":false},"author":1,"featured_media":0,"parent":0,"menu_order":0,"comment_status":"closed","ping_status":"closed","template":"","meta":[],"_links":{"self":[{"href":"https:\/\/dytrt-gartenbau.de\/index.php?rest_route=\/wp\/v2\/pages\/64"}],"collection":[{"href":"https:\/\/dytrt-gartenbau.de\/index.php?rest_route=\/wp\/v2\/pages"}],"about":[{"href":"https:\/\/dytrt-gartenbau.de\/index.php?rest_route=\/wp\/v2\/types\/page"}],"author":[{"embeddable":true,"href":"https:\/\/dytrt-gartenbau.de\/index.php?rest_route=\/wp\/v2\/users\/1"}],"replies":[{"embeddable":true,"href":"https:\/\/dytrt-gartenbau.de\/index.php?rest_route=%2Fwp%2Fv2%2Fcomments&post=64"}],"version-history":[{"count":4,"href":"https:\/\/dytrt-gartenbau.de\/index.php?rest_route=\/wp\/v2\/pages\/64\/revisions"}],"predecessor-version":[{"id":88,"href":"https:\/\/dytrt-gartenbau.de\/index.php?rest_route=\/wp\/v2\/pages\/64\/revisions\/88"}],"wp:attachment":[{"href":"https:\/\/dytrt-gartenbau.de\/index.php?rest_route=%2Fwp%2Fv2%2Fmedia&parent=64"}],"curies":[{"name":"wp","href":"https:\/\/api.w.org\/{rel}","templated":true}]}}