{"id":86,"date":"2023-11-11T07:49:30","date_gmt":"2023-11-11T07:49:30","guid":{"rendered":"https:\/\/dytrt-gartenbau.de\/?page_id=86"},"modified":"2023-11-11T07:49:30","modified_gmt":"2023-11-11T07:49:30","slug":"job","status":"publish","type":"page","link":"https:\/\/dytrt-gartenbau.de\/?page_id=86","title":{"rendered":"Job"},"content":{"rendered":"\n<p><strong>Wir suchen nicht die Eierlegende Wollmilchsau&#8230;&#8230;. ..sondern Dich!<\/strong><\/p>\n\n\n\n<p>Du bist gerne an der frischen Luft und Gartenarbeit ist f\u00fcr Dich kein Fremdwort<\/p>\n\n\n\n<p>Als Kind in die B\u00e4ume und auch heute, macht es Dir nichts aus den \u201eWipfel\u201c zu erklimmen<\/p>\n\n\n\n<p>Du bist ein Teamplayer, beh\u00e4ltst mit Deiner vorausschauenden Art und Deiner logischen<\/p>\n\n\n\n<p>Denkweise immer den \u00dcberblick.<\/p>\n\n\n\n<p>Idealerweise kennst Du Dich bereits schon in der Pflanzenwelt aus und wei\u00dft zum Beispiel das<\/p>\n\n\n\n<p>Heu und Stroh nicht das gleiche ist&#8230;<\/p>\n\n\n\n<p>Komm in unser multinationales Team wenn Du eine abwechslungsreiche Besch\u00e4ftigung<\/p>\n\n\n\n<p>und t\u00e4glich neue Herausforderungen suchst.<\/p>\n\n\n\n<p>Dank Deiner Fahrerlaubnis B oder BE (fr\u00fcher Klasse 3) f\u00e4hrst Du Deine Kollegen sicher mit<\/p>\n\n\n\n<p>unserem Firmenfahrzeug zum n\u00e4chsten Auftrag. W\u00fcnschenswert w\u00e4re Klasse C, C1, oder C1E<\/p>\n\n\n\n<p><strong>Wir bieten Dir:<\/strong><\/p>\n\n\n\n<ul>\n<li>unbefristetes Arbeitsverh\u00e4ltnis<\/li>\n\n\n\n<li>\u00fcbertarifliche Bezahlung<\/li>\n\n\n\n<li>flache Hierarchie<\/li>\n\n\n\n<li>Berufsbekleidung<\/li>\n\n\n\n<li>Fitnesstraining an der frischen Luft<\/li>\n<\/ul>\n\n\n\n<p>Interessiert dann kontaktiere uns einfach wie es Dir gef\u00e4llt<\/p>\n\n\n\n<p>Telefon, Brief, Fax, E-Mail, Brieftaube,<\/p>\n\n\n\n<p>Wir ben\u00f6tigen kein gro\u00dfartiges Bewerbungsschreiben,<\/p>\n\n\n\n<p>wir m\u00f6chten nur wissen wer Du bist und was Du kannst, alles andere zeigt sich von alleine<\/p>\n","protected":false},"excerpt":{"rendered":"<p>Wir suchen nicht die Eierlegende Wollmilchsau&#8230;&#8230;. ..sondern Dich! Du bist gerne an der frischen Luft und Gartenarbeit ist f\u00fcr Dich kein Fremdwort Als Kind in die B\u00e4ume und auch heute, macht es Dir nichts aus den \u201eWipfel\u201c zu erklimmen Du bist ein Teamplayer, beh\u00e4ltst mit Deiner vorausschauenden Art und Deiner logischen Denkweise immer den \u00dcberblick&#8230;. <\/p>\n","protected":false},"author":2,"featured_media":0,"parent":0,"menu_order":0,"comment_status":"closed","ping_status":"closed","template":"","meta":[],"_links":{"self":[{"href":"https:\/\/dytrt-gartenbau.de\/index.php?rest_route=\/wp\/v2\/pages\/86"}],"collection":[{"href":"https:\/\/dytrt-gartenbau.de\/index.php?rest_route=\/wp\/v2\/pages"}],"about":[{"href":"https:\/\/dytrt-gartenbau.de\/index.php?rest_route=\/wp\/v2\/types\/page"}],"author":[{"embeddable":true,"href":"https:\/\/dytrt-gartenbau.de\/index.php?rest_route=\/wp\/v2\/users\/2"}],"replies":[{"embeddable":true,"href":"https:\/\/dytrt-gartenbau.de\/index.php?rest_route=%2Fwp%2Fv2%2Fcomments&post=86"}],"version-history":[{"count":2,"href":"https:\/\/dytrt-gartenbau.de\/index.php?rest_route=\/wp\/v2\/pages\/86\/revisions"}],"predecessor-version":[{"id":89,"href":"https:\/\/dytrt-gartenbau.de\/index.php?rest_route=\/wp\/v2\/pages\/86\/revisions\/89"}],"wp:attachment":[{"href":"https:\/\/dytrt-gartenbau.de\/index.php?rest_route=%2Fwp%2Fv2%2Fmedia&parent=86"}],"curies":[{"name":"wp","href":"https:\/\/api.w.org\/{rel}","templated":true}]}}